is 303322 - -331231120?
332201102
In base 3, what is -210110 + -12011100?
-12221210
In base 8, what is -1410 + -241714?
-243324
In base 6, what is -25014 - -250441?
221423
In base 3, what is -12102022 - -211200?
-11120122
In base 7, what is 2 + -135006235?
-135006233
In base 2, what is 111110 - -100111001010010000001110?
100111001010010001001100
In base 10, what is -3 + 5741466?
5741463
In base 14, what is -ca0cc7 - 4?
-ca0ccb
In base 7, what is -51261 + 14021?
-34240
In base 9, what is -12226 + 31732?
18505
In base 4, what is 101031120111 + 32?
101031120203
In base 7, what is 2225426 - -240?
2225666
In base 13, what is 23158068 - -5?
23158070
In base 12, what is -22500 + -2352?
-24852
In base 3, what is -112 + -1202112120?
-1202120002
In base 2, what is -1100 + 100111100101111101101011?
100111100101111101011111
In base 6, what is -32020153 + 1435?
-32014314
In base 16, what is 15 + 5d605?
5d61a
In base 15, what is -b4 - 39b5?
-3a79
In base 16, what is -7 - 249faa?
-249fb1
In base 7, what is -1 - 25033255?
-25033256
In base 6, what is 2200100 - -1143?
2201243
In base 4, what is -223012133003 + 2?
-223012133001
In base 3, what is 10 - 10120202111201111?
-10120202111201101
In base 15, what is -10702 - 24c3?
-12bc5
In base 6, what is 10104 + 41514?
52022
In base 8, what is 136 + -2141211?
-2141053
In base 2, what is 1101100111001111111101101111 - 1?
1101100111001111111101101110
In base 4, what is 2131 + 1300002?
1302133
In base 4, what is -3202111 + -23223?
-3232000
In base 7, what is -52111662 - -65?
-52111564
In base 16, what is 452394 + 3?
452397
In base 8, what is 115356544 - 0?
115356544
In base 13, what is -5 - -6340b9?
6340b4
In base 5, what is -11 - -1202211331?
1202211320
In base 6, what is 113 + -1132421?
-1132304
In base 16, what is -1357 - d91?
-20e8
In base 6, what is 12452543 - -22?
12453005
In base 3, what is -1100 + -1100000100011201?
-1100000100020001
In base 7, what is 13441002 + 44?
13441046
In base 11, what is 202061 + -99?
201a73
In base 9, what is -122 + -1555727?
-1555850
In base 15, what is 23b + 225dae?
2260ea
In base 12, what is -38a3b04 - 3?
-38a3b07
In base 6, what is 11512 - -10125?
22041
In base 8, what is 262234741 - -1?
262234742
In base 13, what is 5ac6 + -279a?
3329
In base 2, what is -101110010100110111 + 1000001100?
-101110001100101011
In base 3, what is 0 + 1202220100212?
1202220100212
In base 5, what is -303324102 - 243?
-303324400
In base 6, what is -30514351 - 1?
-30514352
In base 4, what is 200011 - -1113020?
1313031
In base 10, what is -17435348 + -1?
-17435349
In base 12, what is -5 + 25a1b47?
25a1b42
In base 3, what is -102012200020020 - -1021?
-102012200011222
In base 3, what is -2 + 1000100021221022?
1000100021221020
In base 3, what is -1 + 222012211211101?
222012211211100
In base 15, what is 87c9c24 + 1?
87c9c25
In base 8, what is 1743716 + 2?
1743720
In base 13, what is b795 - 18c?
b606
In base 6, what is 4 - 55202?
-55154
In base 2, what is -11011011011011000000 + 100010?
-11011011011010011110
In base 13, what is 107577 + b?
107585
In base 8, what is -120002 + 113?
-117667
In base 4, what is 2 + -112222323320?
-112222323312
In base 14, what is 12 - -348cd5?
348d07
In base 9, what is -3255057380 - 4?
-3255057384
In base 4, what is 102232 + 201002303?
201111201
In base 16, what is 1540bca - 0?
1540bca
In base 15, what is 48ecace + 4?
48ecad3
In base 4, what is -1231232102 + -2031?
-1231300133
In base 11, what is 1510 - 37?
1484
In base 3, what is -12202020222001000 + 10?
-12202020222000220
In base 13, what is -510a7b - 5?
-510a83
In base 16, what is -7c83a - -34?
-7c806
In base 11, what is -689 + -20305?
-20993
In base 14, what is 1876 + -465?
1411
In base 12, what is 12584619 + 2?
1258461b
In base 12, what is -b85 + -41491?
-42456
In base 12, what is -1915a0 + 118?
-191484
In base 8, what is 3 + 167570254?
167570257
In base 7, what is -3 - -2516222350?
2516222344
In base 16, what is -2197a + 1?
-21979
In base 3, what is 1012222 - 101202100000?
-101201010001
In base 3, what is -2110101 - 10121211?
-20002012
In base 6, what is 2533314 - -14?
2533332
In base 12, what is 9a5 - 1769b7?
-176012
In base 14, what is -5a6b6a4 + 2?
-5a6b6a2
In base 12, what is -39 - 123595?
-123612
In base 8, what is 1640456 - -30?
1640506
In base 4, what is -11 - -10202032213023?
10202032213012
In base 5, what is -12004 - 4412?
-21421
In base 16, what is -3 + -d932d9?
-d932dc
In base 15, what is 3 + 2b880c?
2b8810
In base 9, what is 537 - -22425?
23063
In base 3, what is 0 + -12101021001002?
-12101021001002
In base 13, what is -2 - -5753368?
5753366
In base 8, what is -27350 - 2147?
-31517
In base 14, what is -2 + 4c26926?
4c26924
In base 10, what is 52971237 + 2?
52971239
In base 2, what is -1101 + 1010000011101001?
1010000011011100
In base 12, what is 4 + -4466929?
-4466925
In base 11, what is -92842 - 11?
-92853
In base 12, what is 59a + -2276?
-1898
In base 4, what is 20303302122 + 1?
20303302123
In base 16, what is 3 - -15fc221?
15fc224
In base 16, what is a + 1751cdb?
1751ce5
In base 11, what is -39a - a7382?
-a7771
In base 15, what is -d0c0 - -30?
-d090
In base 6, what is 10 + 30442252310?
30442252320
In base 2, what is 11001111011101011100100 - -1?
11001111011101011100101
In base 10, what is -117 - 88970?
-89087
In base 10, what is 21285 + -3254?
18031
In base 13, what is -2846a + -107?
-28574
In base 6, what is -5431514 + 121?
-5431353
In base 4, what is -200332121232 + -2?
-200332121300
In base 2, what is -11 - 10110101010011010000110101?
-10110101010011010000111000
In base 16, what is 636459 - 17?
636442
In base 14, what is 0 - 7343935?
-7343935
In base 16, what is -40 - 5a0ed?
-5a12d
In base 13, what is -41 - -3a8c6aa?
3a8c669
In base 15, what is 489 - 2133?
-1b99
In base 3, what is 10012000 - 2202101111?
-2122012111
In base 11, what is 3488249 + 4?
3488252
In base 14, what is a551c + -10?
a550c
In base 15, what is 1c4 - -a82a?
a9ee
In base 9, what is 1 + 43818516?
43818517
In base 2, what is -11100 - -11000010100011010?
11000010011111110
In base 9, what is -2 - 2553528?
-2553531
In base 8, what is 1 - -10004622?
10004623
In base 7, what is -6352143 - -151?
-6351662
In base 11, what is 682250 + -19?
682232
In base 3, what is 222210011 - -120000?
1000100011
In base 8, what is -1 - 1341467?
-1341470
In base 11, what is -5a85203 + -7?
-5a8520a
In base 16, what is -7 + f7e3a1?
f7e39a
In base 4, what is -10231120311320 + -2?
-10231120311322
In base 4, what is -2112 + -11032111301?
-11032120013
In base 5, what is -4 - -20120441313?
20120441304
In base 7, what is -63313 - -23444?
-36536
In base 14, what is 17d342a - 2?
17d3428
In base 4, what is 322003 + -30131211?
-23203202
In base 6, what is 1 - 113023352?
-113023351
In base 8, what is 442177 - 372?
441605
In base 4, what is 1102120311 + -1?
1102120310
In base 12, what is -289 - 82579?
-82846
In base 5, what is -2 + -22301210443?
-22301211000
In base 8, what is -51212 - -131?
-51061
In base 2, what is 10 - 110001110001111100100001?
-110001110001111100011111
In base 4, what is -21001212 - 1?
-21001213
In base 4, what is 23 + -100303322212?
-100303322123
In base 6, what is 1 + 515105424?
515105425
In base 10, what is 95551 - -311?
95862
In base 2, what is 10010001110001010011101100 + 101?
10010001110001010011110001
In base 16, what is 2e64703 + 6?
2e64709
In base 15, what is 1 - 14b2d?
-14b2c
In base 16, what is -28 - -1df89?
1df61
In base 3, what is 120 + 10200201100012?
10200201100202
In base 16, what is -7da5034 + -5?
-7da5039
In base 3, what is -101 + -10022211020002?
-10022211020110
In base 15, what is -1142 + 66d?
-9c4
In base 14, what is 441655 + -6?
44164d
In base 10, what is 246636 + 334?
246970
In base 12, what is 14251373 - 0?
14251373
In base 7, what is -3520 - 30010?
-33530
In base 11, what is -11149505 + 5?
-11149500
In base 11, what is 4a074 - -600?
4a674
In base 10, what is -4 + -74897256?
-74897260
In base 3, what is -1121021021000112201 + -2?
-1121021021000112210
In base 15, what is -8cbea - -4e9?
-8c701
In base 11, what is 1 + 1943553?
1943554
In base 12, what is 26182 + 24?
261a6
In base 12, what is -4483790 - 5?
-4483795
In base 6, what is -1235520524 - -10?
-1235520514
In base 4, what is -2220021013 + 3130?
-2220011223
In base 7, what is 22533